Suppose 4*s - 20 = 5*g, -4*s - g + 1 = 5. What is m(s)?
13
Let r = -6 - -3. Let f(d) = 6*d**2 + d - 2. Let h(q) = -q**2 + q + 1. Let v(t) = -f(t) - 4*h(t). Calculate v(r).
-5
Let o(y) be the third derivative of -y**6/60 + y**4/8 - y**3/6 + 23*y**2. Give o(2).
-11
Let x = -8 + 5. Let i = x - -4. Let t(o) = -2*o - 1 + i. What is t(3)?
-6
Let w(u) = -u**3 + u**3 + 2*u**2 - u + 2 - u**3 + u**2. Suppose -2*p = p - 9. Give w(p).
-1
Let s(o) = 3*o**3 + 11*o**2 - 5*o + 9. Let x(u) = u**3 + 4*u**2 - 2*u + 3. Let j(k) = 4*s(k) - 11*x(k). Give j(-2).
-9
Let b(n) = -n**2 + 2*n + 2. Suppose s - 6 = -2*w, 2*s + 6*w = 3*w + 8. Calculate b(s).
-6
Let v(z) = -z**2 - 3*z - 1. Suppose -4 = -2*i - 3*x + 4, 4*i - x - 16 = 0. Suppose -2*m - i = -0*m. Calculate v(m).
1
Let z(r) = 7*r**2 - r - 1. Let y be (10/(-6))/(7/(-21)). Let c(l) = l**2 - 5*l - 1. Let m be c(y). Calculate z(m).
7
Let h(z) = -5*z**2 + z. Suppose -4 - 12 = 4*r - 4*q, q = 5*r + 8. Let w be 2/5*(1 + -6). Let a(d) = d**2 - d. Let t(k) = r*h(k) + w*a(k). Calculate t(1).
4
Let g = 3 + -1. Suppose -5*i + 0 = -j + 20, -g*j + 13 = -i. Let d(p) = 2*p**2 + 4*p. Calculate d(i).
6
Let d = -7 + 10. Suppose 0 = -4*p - 9 - d. Let a(m) = -m - 2. Determine a(p).
1
Let f(g) = -7*g**3 - 2*g**2 - g. Let u = -14 - -13. Determine f(u).
6
Let r be -2*1*6/(-4). Let i(u) = -r*u + 2*u - 3*u**3 + u**2 + 2*u**3 + 2*u**3. Let f = 3 - 2. Calculate i(f).
1
Suppose -4*u + 4*h + 6 = 2, 2*h - 16 = -4*u. Suppose -9*a - 24 = -u*a. Let r(t) = -t**3 - 3*t**2 + 6*t + 1. What is r(a)?
-7
Suppose 0 = 2*b + 7 + 3. Let f(x) = -x**2 - 5*x - 4. What is f(b)?
-4
Let n(l) be the second derivative of l**3/2 + 5*l**2/2 - l. Let w be (18/(-15))/(6/(-20)). Suppose -5*j = -2*g - 28, g + 3*j + w = -3*g. Calculate n(g).
-7
Let q(y) = -y**2 + 8*y - 7. Let z(d) = d**2 + d - 1. Let v = 10 - 8. Let g be z(v). Determine q(g).
8
Let w(b) = -b - 1. Suppose 2*d - 4*a - 5 = 15, 4*d + 3*a = -15. What is w(d)?
-1
Let x(i) = 4*i + 12*i**2 + 3 - 8*i**2 - 5*i**2. Let q = 6 - 1. Let l(b) = 2*b - 6. Let c be l(q). What is x(c)?
3
Let y(j) = -16 + 9*j**2 - 2*j**2 + 2*j + 4*j**2 - j**3. Give y(11).
6
Let k(a) be the first derivative of a**2/2 - 4*a + 1. Suppose -2*s - j + 8 = 0, 6*s - 5*j = s + 20. What is k(s)?
0
Let t(h) = -2 - 3*h**2 - 15*h**3 - h**2 + 4*h**3 + 12*h**3. Give t(3).
-11
Let u(f) = 7 - f + 0 + 0 - 5. Give u(3).
-1
Let v = 141 - 130. Let y(m) be the first derivative of 1/2*m**2 + v*m + 1. Determine y(0).
11
Let g be (-6 - -1) + 1 + -1. Let m = g - -9. Let r(y) = y**2 - 3*y. Determine r(m).
4
Let m be (2/4)/(4/8). Let h = 7 + -4. Let u(k) = -k - m - h*k + 6*k. Determine u(3).
5
Let z be (-84)/(-8) - 1/2. Let u = -14 + z. Let g(d) = 2*d - 2. What is g(u)?
-10
Suppose -q = q + 2. Let c(b) = -2*b**3 + b**2 - 4. Let x(m) = -m**3 - m**2 + m. Let w(o) = q*c(o) + 3*x(o). Determine w(-4).
-8
Let f(b) be the first derivative of -b**4/4 - 4*b**3/3 + 2*b**2 - 3*b - 7. Determine f(-4).
-19
Let o(c) = -2*c - 3. Suppose -8*b + 3*b = 25. Determine o(b).
7
Let i = -3 - -9. Let n(x) = 4*x - 6. Let w(r) = 5*r - 7. Let g(y) = i*n(y) - 5*w(y). Calculate g(-6).
5
Let x(n) = -4*n - 1. Let a = -4 - -7. Suppose -7 + a = -2*w. Suppose w*r - 2 = 3*r. Determine x(r).
7
Let d(c) = -c**3 + 4*c**2 + 4*c + 5. Suppose 10 = 3*w - 2. Suppose 2*p + w*p - 30 = 0. Give d(p).
0
Let i(n) be the first derivative of -n**2/2 - 7*n - 2. Let r be i(9). Let l be (-6)/8 + 36/r. Let f(p) = -p**3 - 4*p**2 - 2*p - 4. Calculate f(l).
-7
Let t be -1 + (-2)/(6/(-9)). Let i(j) = -2*j**2 - 6. Let z(h) be the second derivative of -h**3/6 - h**2/2 - h. Let f(c) = -i(c) + 3*z(c). What is f(t)?
5
Let f(i) = i**3 - i**2 - 2*i. Let g(y) = -y**2 - y + 1. Let q(n) = -f(n) + 2*g(n). Give q(0).
2
Let a(x) = -x**3 + x + 2. Let b be a(0). Let s(g) = g + 5 + 2*g - b*g + 0*g. Calculate s(0).
5
Let q(f) = f**2 + f - 10. Let g = 5 - 8. Let d(r) = -r - 3. Let n be d(g). Give q(n).
-10
Let w(p) = -4*p**2 - 1. Suppose 3*j - 17 = -20. Determine w(j).
-5
Let b(i) = -i**3 + 8*i**2 + 9*i + 7. Suppose -6*l = -26*l + 180. Give b(l).
7
Let f(c) be the first derivative of -c**4/4 - c**3 - c**2 - 3*c - 2. Suppose -4*x = 5*r + 6 - 23, 0 = -2*x - r + 1. Calculate f(x).
-3
Let l(c) = c**2 + 6. Let k be 3 - (-4 - (-4 + 2)). Suppose 0 = -2*f + k*f. Calculate l(f).
6
Let s(g) be the first derivative of -g**5/60 + g**4/4 - 2*g**3/3 + 3*g**2/2 + 3. Let f(x) be the second derivative of s(x). Determine f(4).
4
Suppose 22 - 4 = 2*s + m, -4*m = 4*s - 40. Let f(z) = z**2 - 8*z + 5. Calculate f(s).
5
Let x = 9 + -14. Let d(q) be the first derivative of 7*q**2/2 - q + 1. Let y(l) = 4*l. Let m(j) = -3*d(j) + 5*y(j). Determine m(x).
8
Let h be 2/6 + (-28)/(-6). Let j = -3 + h. Suppose 0 = x - j*x. Let k(v) = v**3 - v**2 + v - 7. Give k(x).
-7
Let w(l) = -3*l. Let b(k) = k + 1. Let r(i) = 4*b(i) + w(i). Calculate r(3).
7
Suppose -j = 3*j. Suppose -5*y = -j*y. Let w(v) = -v**2. Give w(y).
0
Let r(q) = -q + 11. Let x be r(8). Suppose -3*y - 4*p + 9 = -9*p, x*p = 0. Let f(g) = -4*g - 2. Calculate f(y).
-14
Suppose -n + 3*a + 24 = 2*n, -4*a + 3 = 3*n. Suppose -5*s - n = -4*s. Let z(x) = 4*x - 3 + 3*x - 4*x - 2*x. What is z(s)?
-8
Let k(l) = -5*l + 20. Let s(h) = 2*h - 7. Let d(u) = -3*k(u) - 8*s(u). Determine d(-4).
0
Let u = 25 - 29. Let v(d) = -d**3 - 6*d**2 - 3*d + 4. What is v(u)?
-16
Let n(o) be the third derivative of o**6/120 - 2*o**5/15 + 5*o**4/24 + 5*o**3/6 + 13*o**2. Give n(7).
-9
Let r = -115 + 119. Let o(f) = f + 1. Give o(r).
5
Let b(h) be the first derivative of h**4/4 - 5*h**3/3 + h**2 - 3*h - 7. Determine b(4).
-11
Let u(n) be the first derivative of 3*n**3 - 4*n**3 - 3 + 2*n**2 - n - n**2 + 0*n. What is u(1)?
-2
Let x(d) = -d**2 - 8*d - 7. Let r(q) = -7*q**2 + 2*q - 1. Let j = 11 - 10. Let y be r(j). Determine x(y).
5
Suppose 2*i + 3*h = 4*h - 17, 4*h = -3*i + 2. Suppose -2*w - 5*l = -24, 0*w + w = 2*l - 6. Let s(c) = 4 + 2*c**2 - 4*c - 3*c**w - 1. Calculate s(i).
-9
Let z(d) = -d. Let o(g) = 9*g - 1. Let y(f) = -o(f) + 4*z(f). What is y(1)?
-12
Suppose 5*p = 2*f - 11, 2*p - 5*f + 2 = -2*p. Let k(i) be the second derivative of -i**5/20 - i**4/6 + i**3/2 + 3*i**2/2 - i. Determine k(p).
3
Let z(b) = -b**3 - 11*b**2 + 7*b - 7. Let k(x) = -2*x**3 - 17*x**2 + 11*x - 11. Let q(r) = 5*k(r) - 8*z(r). Let t be (-17)/51*(16/(-2) + 2). Calculate q(t).
-5
Suppose -2 = -5*c - 2*p, 0 = p - 0*p - 1. Let b(o) = -o**2 + o + 2. Let m be b(c). Let j(t) = -3*t**2 + 6 + t**3 + 6*t + m*t**2 + 7*t**2. Determine j(-5).
1
Let w(r) = -3*r**2 + 11*r + 6. Suppose 0 = -0*c - c + 2*g - 3, 45 = 5*c + 5*g. Let i(j) = -4*j**2 + 12*j + 6. Let h(y) = c*w(y) - 4*i(y). Calculate h(-4).
-6
Suppose -23 - 7 = -3*p. Suppose 3*h = 4*z + p, 3 + 0 = -3*z. Let g(l) = -l**2 + l - 2. What is g(h)?
-4
Let g be (-5)/(3 + 2) + 2. Let b(x) = -28*x**3 - x + 1. Calculate b(g).
-28
Let h(v) = v - 1. Suppose 5*c - 4*y = -12, 2*y - 8 = c + 4*y. Let z(q) = -2*q + 2. Let k(i) = c*z(i) - 9*h(i). Let t = 5 + -9. Determine k(t).
5
Let m(u) = -5*u + u + u**3 - 2*u - 3 + 8*u + 4*u**2. Calculate m(-4).
-11
Suppose 0 = -2*s - 3*s. Let r(o) = 4 - 2*o - o - 2*o. Let m(b) = 4*b - 4. Let w(y) = -6*m(y) - 5*r(y). What is w(s)?
4
Let w(k) = 2*k + 7. Let f(m) = 10*m + 36. Let x = 11 - 13. Let y(n) = x*f(n) + 11*w(n). Give y(-5).
-5
Let c(y) = -y**2 - 5*y - 3. Let g = 5 + -1. Suppose g*u + 14 - 34 = 0. Suppose -u*j = 9 + 11. Calculate c(j).
1
Let q(o) = o - 1. Let k be q(5). Suppose -3*j + 0*z - z = -2, 8 = -4*j + k*z. Let a(y) = y**2 - y - 6. Give a(j).
-6
Let j(x) be the third derivative of -x**4/24 + x**3/3 - 6*x**2. What is j(2)?
0
Let q(g) be the third derivative of 0 + 1/60*g**5 - g**2 + 1/24*g**4 + 0*g - 7/6*g**3. Let r = -14 + 14. Calculate q(r).
-7
Let l be (-5)/(5/(-2))*1. Let w(t) = -l*t + t - t. Suppose 0 = -d + 4*x - 7, -6 = -4*x - 2. Calculate w(d).
6
Suppose -3*l = 2*u + 9, l = -0 - 1. Let q(r) = r**2 - 2. Calculate q(u).
7
Let l be (-1)/(-2*(-1)/(-10)). Suppose -l = 3*g - 2. Let d(x) = 4. Let w(o) = o - 1. Let v(n) = -d(n) - 4*w(n). Calculate v(g).
4
Let f = 13 - 8. Suppose -37 = -6*a + 2*a + f*t, -a + 2*t = -13. Let g = a - 5. Let h(j) = 2*j**2 + 2*j - 1. What is h(g)?
3
Let s(w) = -3*w - 2. Let c(x) be the first derivative of -x**3/3 - x**2 + x - 1. Let b be c(1). Determine s(b).
4
Supp